+ 6*h - 4*h - 4*h**2 + h**3 + 9*h - 6. What is the remainder when o(10) is divided by 3?
1
Suppose 0 = -5*b - 0*b - 335. Let f = -29 - b. What is the remainder when f is divided by 10?
8
Suppose -g - 3*v = -13, -5*g = -g - 4*v + 12. What is the remainder when 3 is divided by g?
0
Let b(a) = a + 9. Let c be b(-4). Suppose c*f = 35 + 15. Let y(j) = j**2 + 2*j + 3. Calculate the remainder when f is divided by y(-3).
4
Suppose -4*b + 2*s = -s - 77, 0 = -b + 3*s + 17. Let x(r) = 2*r**2 - 6*r + 2. Calculate the remainder when x(6) is divided by b.
18
Let r be 2/10 + 2/(-10). Let x = r - -3. Suppose -2*w = -11 + x. What is the remainder when w is divided by 3?
1
Suppose 56 = -2*r + 6*r. Let w = 27 - r. Calculate the remainder when w is divided by 4.
1
Let l(t) = t**2 - 11*t - 14. Let x be l(12). Calculate the remainder when 16 is divided by (-21)/x - (-12)/(-8).
7
Let f = -5 - -8. Suppose -y = -3, 7*l + 5*y = 4*l + 15. Let p(r) = -r**3 - r**2 + r + 4. Calculate the remainder when p(l) is divided by f.
1
Suppose 0 = 6*n - 3*n - 4*x - 112, -5*x + 103 = 3*n. Suppose -5*y + n = 4*r, 5*y - 19 - 18 = -3*r. What is the remainder when 14 is divided by y?
6
Let o(r) = r**2 - 3*r - 3. Suppose -5*v = -2*x + 13, -3*v + 4*v + 1 = 0. Suppose -16*q = -13*q - 3. Calculate the remainder when o(x) is divided by q.
0
Let b(u) = 7*u + 7. Let l be b(7). Let x = -6 - -11. Suppose x*j = j + l. What is the remainder when j is divided by 8?
6
Suppose 2*n - 5*l - 81 = 0, 0*n - 5*l + 147 = 4*n. Suppose 3*k + 3*c - 2*c = 26, 4*k - 2*c = n. What is the remainder when k is divided by 5?
4
Suppose 2*z + 2*a = -z - 3, 6 = -3*z - 3*a. Let b = z + 1. Suppose b*m - 3 = 53. Calculate the remainder when m is divided by 10.
8
Suppose 0 = 3*m - 11 + 2. Suppose s = m*s + 2, s - 19 = -2*w. What is the remainder when 19 is divided by w?
9
Suppose -c = 14 - 0. Calculate the remainder when 24/c*(-7)/2 is divided by 3.
0
Let z be 4/(-26) + 2/13. Calculate the remainder when 13 is divided by (-14)/(-4)*(2 + z).
6
Suppose -5*l + l + 8 = 0. Let q = -15 - -20. What is the remainder when q is divided by l?
1
Suppose -5*y - 2*d + 103 = 0, 0 = 2*y - 3*y + 5*d - 1. What is the remainder when 151 is divided by y?
18
Let h(v) = -6*v. Let x be h(-6). Suppose -s = s - x. Suppose -d = 3*b - 98, -5*b + 4*d - 25 = -211. What is the remainder when b is divided by s?
16
Let x(z) = 3*z**2 - 5*z - 3. Let d be x(4). Let s = 36 - d. Suppose 5*y + 4*m = s, -7*y + 3*y + 7 = 5*m. Calculate the remainder when 6 is divided by y.
0
Suppose 4*v + 58 = 5*j, -4*j - 2*v + 65 - 3 = 0. Calculate the remainder when 52 is divided by j.
10
What is the remainder when 57 is divided by 2/8 + (-472)/(-32)?
12
What is the remainder when 58/((-3)/(-2 - (-4)/8)) is divided by 15?
14
Suppose 0 = 2*r + 1 - 7. Suppose -r*g = -6*g + 135. What is the remainder when g is divided by 12/10*(-5 - -15)?
9
Let m(u) be the first derivative of -u**4/4 + u**3/3 - u**2/2 + 16*u - 1. What is the remainder when 28 is divided by m(0)?
12
Suppose -5*r - 70 = q, -3*r - 1 = -r - 5*q. Let w = 25 + r. What is the remainder when 45 is divided by w?
9
Let s(k) = k**2 - 4*k**2 - 8*k - 5 + 2. Let f be s(-5). Calculate the remainder when 25 is divided by 4/12 + f/(-3).
12
Suppose 0 = 4*l + l. Calculate the remainder when 13 is divided by -7*((-3)/3 - l).
6
Suppose 5*m - 4*q = 53, -2*q = 2*m + 3*q - 8. Let j = 3 + 1. What is the remainder when m is divided by j?
1
Let f = 10 + -14. Let g be ((-2)/f)/(2/4). Suppose -t + 16 = -g. Calculate the remainder when t is divided by 6.
5
Let h(l) = 2*l**2 - 8*l. What is the remainder when 13 is divided by h(5)?
3
Let x(h) = -5*h**2 - 2*h - 2. Let q be x(2). Suppose 2*y - 5*y - 48 = 0. Let o = y - q. What is the remainder when 39 is divided by o?
9
Let h = -4 - -1. Let b = 16 + h. Let c = -18 - -43. What is the remainder when c is divided by b?
12
Suppose 2*f + q - 155 + 20 = 0, -4*f + 2*q = -282. Calculate the remainder when f is divided by 24.
21
Suppose -30 = -y + 2*f, 0 = -5*y + 4*f - 3*f + 195. Let u = -11 + 25. Calculate the remainder when y is divided by u.
12
Let h(r) = -8*r - 1. Let p be h(7). Let t = -101 - p. Calculate the remainder when t/(-6)*(-6)/(-4) is divided by 4.
3
Let d(s) = s - 9. Let c be d(0). Let x = c - -13. What is the remainder when x is divided by 3?
1
Suppose 12 = -0*q + 3*q. Calculate the remainder when q is divided by 1.
0
Suppose -3*d + 8 = d. Let z = 11 + -8. Suppose 2*c = -z + 7. What is the remainder when d is divided by c?
0
Suppose 2*j = -j + 39. Let d(i) = -i**3 - 6*i**2 + 7*i + 9. Let w be d(-7). Let q = w + 28. Calculate the remainder when q is divided by j.
11
Let m be 4/10 - (-16)/10. Let y(f) = 2*f**2 + 2*f - 12. Let a be y(-6). Suppose -2*x + a = m*x. What is the remainder when 35 is divided by x?
11
Suppose -3*b + 1048 = 4*n - 0*b, 5*b = 3*n - 786. Let a = n + -141. What is the remainder when a is divided by 31?
28
Suppose -4*t + 2*q + 34 = -2*t, -t - 3*q - 3 = 0. Suppose -3*c = 36 - 102. Calculate the remainder when c is divided by t.
10
Let f = 13 + 7. Let w(z) = 6*z - 1. Let x be w(-2). Let s = -6 - x. What is the remainder when f is divided by s?
6
Let v(b) = 3*b - 7. Let p be v(3). Suppose 63 = 5*c - p*c. What is the remainder when 39 is divided by c?
18
Suppose p - 14 = 3*p + 5*v, p = -3*v - 9. Suppose -2*t - 62 = -p*n, -t = -5*n - 0*n + 108. Let d = 17 + n. What is the remainder when d is divided by 14?
11
Let o(y) = y**3 - 11*y**2 + 11*y - 10. Let i be o(10). Suppose i = -2*a + 27 + 7. Calculate the remainder when 50 is divided by a.
16
Suppose 5*w - h = 24, 0 = 5*w + h + 4*h. What is the remainder when 33 is divided by w?
1
Let z = 61 - -56. What is the remainder when z is divided by 30?
27
Let l be 1/(-2) - (-105)/6. Suppose -l + 50 = 3*u. What is the remainder when u is divided by 7?
4
Let b = 3 + 0. Suppose -u - 2 = -2*u, b*q = 5*u + 152. What is the remainder when q is divided by 14?
12
Let s be 48 + 0 + (-8)/2. Suppose 5*p - 3*q - s = 0, p + 0*p + q - 4 = 0. Calculate the remainder when 27 is divided by p.
6
Let q(z) = -z**2 - 6*z + 10. What is the remainder when 3 is divided by q(-7)?
0
Let k(q) = -3*q**3 + 4*q**2 + q - 1. Let u(a) = -5*a**3 + 9*a**2 + 2*a - 2. Let l(p) = -5*k(p) + 2*u(p). Calculate the remainder when l(2) is divided by 17.
14
Let j = 45 - 38. What is the remainder when 25 is divided by j?
4
Let l = -27 - -42. Let b(p) = -p**2 - 10*p. Let d be b(-9). Calculate the remainder when 21/(d/(-6) - -2) is divided by l.
12
Let d be ((-6)/9)/((-1)/90). Suppose k = -3*k + d. What is the remainder when 29 is divided by k?
14
Suppose 10 = 6*n - n. Calculate the remainder when n/8 - 374/(-8) is divided by 10.
7
Suppose -3*g - f + 92 = 2*g, 5*g + 2*f = 89. What is the remainder when g is divided by 5?
4
Let a = 154 - 105. Calculate the remainder when a is divided by 13.
10
Suppose -3*l - 59 = -4*j, 3*j - l - 2*l - 48 = 0. What is the remainder when 186 is divided by j?
10
Suppose 20 = -5*s + 45. Suppose -p = -s*p + 12. Suppose 5*d + 5*b + 10 = 0, p*d = 3*b + 17 - 5. What is the remainder when d is divided by 1?
0
Let g(w) be the second derivative of -w**3/6 + 5*w**2/2 + w. Let k(z) = -2*z - 7. Let m be k(0). What is the remainder when 34 is divided by g(m)?
10
Let k(v) = 239*v**2 - 2. Calculate the remainder when k(1) is divided by 24.
21
Let l be (6 - 3)*2/6. Let s = l + 5. Calculate the remainder when s is divided by 5.
1
Let t be (2 + -5 + 2)*-3. What is the remainder when 69 is divided by ((-6)/1)/((-1)/t)?
15
Calculate the remainder when 71 is divided by (-6)/14 + 1424/56.
21
Let n be (0 + 15)/(12/8). Let g = 2 + n. Let a(z) = -z**3 + z**2 - z + 23. What is the remainder when a(0) is divided by g?
11
Let x = 31 - 29. Suppose -5*p + 59 = i, -4*i - 61 = -5*p - 3*i. What is the remainder when 31 is divided by 88/p*3/x?
9
Suppose -2*x + 7 = -3*x - l, 3*l + 30 = -4*x. What is the remainder when 54/4*(-6)/x is divided by 5?
4
Suppose -2*k + 60 = -4*k. Calculate the remainder when 15 is divided by (-228)/k - (-4)/10.
7
Let p(g) = -g**2 - 3*g + 1. Let f(i) = -i**2 - 4*i + 2. Let l be f(-5). Let y be p(l). What is the remainder when 9 is divided by 2 + 1 + (y - -1)?
4
Suppose 2 = -f - 5*w, 0*f + 2*w - 7 = -f. Suppose 0 = -5*k + 57 - 22. Suppose k*v = 2*v + 125. Wh